{"id":1087,"date":"2019-04-22T14:51:01","date_gmt":"2019-04-22T17:51:01","guid":{"rendered":"https:\/\/minha.uberfacil.com\/?page_id=1087"},"modified":"2019-04-22T14:51:01","modified_gmt":"2019-04-22T17:51:01","slug":"contato","status":"publish","type":"page","link":"https:\/\/demo.uberfacil.com\/epico\/estilo7\/contato\/","title":{"rendered":"Contato"},"content":{"rendered":"<p class=\"estimated-read-time\">Tempo de leitura:<small> 1 minuto<\/small><\/p> \n\t\t\t\t\n<p>Esta \u00e9 uma daquelas p\u00e1ginas obrigat\u00f3rias para criar mais um canal de comunica\u00e7\u00e3o efetivo com o seu visitante, mesmo em tempos de aplicativos de comunica\u00e7\u00e3o instant\u00e2nea! <\/p>\n\n\n\n<p>Apesar de ser uma p\u00e1gina comum em blogs, voc\u00ea pode \u2013 e deve \u2013 torn\u00e1-la mais interessante para quem visita.<\/p>\n\n\n\n<p>Por exemplo: al\u00e9m do pr\u00f3prio formul\u00e1rio, voc\u00ea pode incluir tamb\u00e9m outras informa\u00e7\u00f5es \u00fateis de contato, como o endere\u00e7o (se voc\u00ea tiver uma loja f\u00edsica) ou at\u00e9 mesmo um mapa interativo com o local desejado via <em>shortcodes<\/em> do WordPress. <a href=\"https:\/\/br.wordpress.org\/plugins\/wp-google-maps\/\">H\u00e1 plugins gratuitos e excelentes<\/a> para isso no diret\u00f3rio de plugins do WordPress.<\/p>\n\n\n\n<p>Outra dica \u00e9 remover o recurso <em>Tempo de leitura<\/em> da p\u00e1gina de contato, que geralmente n\u00e3o oferece muito texto. Nesta p\u00e1gina aqui, por exemplo, ela j\u00e1 foi removida, mas voc\u00ea pode editar esta op\u00e7\u00e3o no painel do \u00c9pico em <strong>Apar\u00eancia &gt; Personalizar &gt; Design e Layout &gt; Ignorar o tempo de leitura em p\u00e1ginas<\/strong>.<\/p>\n\n\n\n<p>Enfim, use sempre a criatividade em cada p\u00e1gina do seu blog. Isso contribui para diferenci\u00e1-lo e incrementar a memoriza\u00e7\u00e3o do seu conte\u00fado.<\/p>\n\n\n\n<h4 class=\"wp-block-heading\">Como configurar o formul\u00e1rio de contato:<\/h4>\n\n\n\n<p>Para configurar o formul\u00e1rio de contato, fa\u00e7a o seguinte:<\/p>\n\n\n\n<ol class=\"wp-block-list\"><li>Realize o <em>login<\/em> no painel administrativo do seu blog (exemplo: https:\/\/seublog.com\/wp-admin).<\/li><li>Clique no menu <strong>Plugins &gt; Adicionar Novo<\/strong>.<\/li><li>Instale e ative o plugin <em><a href=\"https:\/\/br.wordpress.org\/plugins\/contact-form-7\/\">Contact Form 7<\/a><\/em>.<\/li><li>Acesse o menu <strong>Contato &gt; Formul\u00e1rios de contato<\/strong>.<\/li><li>Abra o item <strong>Formul\u00e1rio de contato 1<\/strong>.<\/li><li>Insira o e-mail para onde as mensagens ser\u00e3o redirecionadas na aba <strong>Mail<\/strong>.<\/li><li>Configure os demais campos, se desejar, e salve o formul\u00e1rio.<\/li><li>Copie o <em>shortcode<\/em> criado pelo plugin e cole-o nesta p\u00e1gina, atualizando-a depois disso.<\/li><li>Por fim, fa\u00e7a um teste na frente do blog e verifique se voc\u00ea recebeu o teste no seu e-mail.<\/li><\/ol>\n\n\n\n<p>\u00c9 apenas isso. Se voc\u00ea tiver qualquer d\u00favida, entre em contato com o&nbsp;<a href=\"https:\/\/minha.uberfacil.com\/wp-login.php?redirect_to=http%3A%2F%2Fminha.uberfacil.com%2Fsuporte-tecnico\">suporte da Uberf\u00e1cil.<\/a><\/p>\n\t\t","protected":false},"excerpt":{"rendered":"<p><small> 1 minuto<\/small> Esta \u00e9 uma daquelas p\u00e1ginas obrigat\u00f3rias para criar mais um canal de comunica\u00e7\u00e3o efetivo com o seu visitante, mesmo em tempos de aplicativos de comunica\u00e7\u00e3o instant\u00e2nea! Apesar de ser uma p\u00e1gina comum em blogs, voc\u00ea pode \u2013 e deve \u2013 torn\u00e1-la mais interessante para quem visita. Por exemplo: al\u00e9m do pr\u00f3prio formul\u00e1rio, voc\u00ea pode incluir tamb\u00e9m outras informa\u00e7\u00f5es \u00fateis de contato, como o endere\u00e7o (se voc\u00ea tiver uma loja f\u00edsica) ou at\u00e9 mesmo um mapa interativo com o local desejado via shortcodes <a href=\"https:\/\/demo.uberfacil.com\/epico\/estilo7\/contato\/\" class=\"more-link\"><span>Continue lendo<\/span>\u2192<\/a><\/p>\n","protected":false},"author":1,"featured_media":0,"parent":0,"menu_order":0,"comment_status":"closed","ping_status":"closed","template":"","meta":{"footnotes":""},"class_list":["entry","author-4tgzf26cvbidud","has-excerpt","post-1087","page","type-page","status-publish"],"yoast_head":"<!-- This site is optimized with the Yoast SEO plugin v27.4 - https:\/\/yoast.com\/product\/yoast-seo-wordpress\/ -->\n<title>Contato - Estilo 7<\/title>\n<meta name=\"robots\" content=\"index, follow, max-snippet:-1, max-image-preview:large, max-video-preview:-1\" \/>\n<link rel=\"canonical\" href=\"https:\/\/demo.uberfacil.com\/epico\/estilo7\/contato\/\" \/>\n<meta property=\"og:locale\" content=\"pt_BR\" \/>\n<meta property=\"og:type\" content=\"article\" \/>\n<meta property=\"og:title\" content=\"Contato - Estilo 7\" \/>\n<meta property=\"og:description\" content=\"1 minuto Esta \u00e9 uma daquelas p\u00e1ginas obrigat\u00f3rias para criar mais um canal de comunica\u00e7\u00e3o efetivo com o seu visitante, mesmo em tempos de aplicativos de comunica\u00e7\u00e3o instant\u00e2nea! Apesar de ser uma p\u00e1gina comum em blogs, voc\u00ea pode \u2013 e deve \u2013 torn\u00e1-la mais interessante para quem visita. Por exemplo: al\u00e9m do pr\u00f3prio formul\u00e1rio, voc\u00ea pode incluir tamb\u00e9m outras informa\u00e7\u00f5es \u00fateis de contato, como o endere\u00e7o (se voc\u00ea tiver uma loja f\u00edsica) ou at\u00e9 mesmo um mapa interativo com o local desejado via shortcodes Continue lendo\u2192\" \/>\n<meta property=\"og:url\" content=\"https:\/\/demo.uberfacil.com\/epico\/estilo7\/contato\/\" \/>\n<meta property=\"og:site_name\" content=\"Estilo 7\" \/>\n<meta name=\"twitter:card\" content=\"summary_large_image\" \/>\n<meta name=\"twitter:label1\" content=\"Est. tempo de leitura\" \/>\n\t<meta name=\"twitter:data1\" content=\"2 minutos\" \/>\n<script type=\"application\/ld+json\" class=\"yoast-schema-graph\">{\"@context\":\"https:\\\/\\\/schema.org\",\"@graph\":[{\"@type\":\"WebPage\",\"@id\":\"https:\\\/\\\/demo.uberfacil.com\\\/epico\\\/estilo7\\\/contato\\\/\",\"url\":\"https:\\\/\\\/demo.uberfacil.com\\\/epico\\\/estilo7\\\/contato\\\/\",\"name\":\"Contato - Estilo 7\",\"isPartOf\":{\"@id\":\"https:\\\/\\\/demo.uberfacil.com\\\/epico\\\/estilo7\\\/#website\"},\"datePublished\":\"2019-04-22T17:51:01+00:00\",\"breadcrumb\":{\"@id\":\"https:\\\/\\\/demo.uberfacil.com\\\/epico\\\/estilo7\\\/contato\\\/#breadcrumb\"},\"inLanguage\":\"pt-BR\",\"potentialAction\":[{\"@type\":\"ReadAction\",\"target\":[\"https:\\\/\\\/demo.uberfacil.com\\\/epico\\\/estilo7\\\/contato\\\/\"]}]},{\"@type\":\"BreadcrumbList\",\"@id\":\"https:\\\/\\\/demo.uberfacil.com\\\/epico\\\/estilo7\\\/contato\\\/#breadcrumb\",\"itemListElement\":[{\"@type\":\"ListItem\",\"position\":1,\"name\":\"In\u00edcio\",\"item\":\"https:\\\/\\\/demo.uberfacil.com\\\/epico\\\/estilo7\\\/\"},{\"@type\":\"ListItem\",\"position\":2,\"name\":\"Contato\"}]},{\"@type\":\"WebSite\",\"@id\":\"https:\\\/\\\/demo.uberfacil.com\\\/epico\\\/estilo7\\\/#website\",\"url\":\"https:\\\/\\\/demo.uberfacil.com\\\/epico\\\/estilo7\\\/\",\"name\":\"Estilo 7\",\"description\":\"S\u00f3 mais um site \u00c9pico - Demonstra\u00e7\u00e3o\",\"potentialAction\":[{\"@type\":\"SearchAction\",\"target\":{\"@type\":\"EntryPoint\",\"urlTemplate\":\"https:\\\/\\\/demo.uberfacil.com\\\/epico\\\/estilo7\\\/?s={search_term_string}\"},\"query-input\":{\"@type\":\"PropertyValueSpecification\",\"valueRequired\":true,\"valueName\":\"search_term_string\"}}],\"inLanguage\":\"pt-BR\"}]}<\/script>\n<!-- \/ Yoast SEO plugin. -->","yoast_head_json":{"title":"Contato - Estilo 7","robots":{"index":"index","follow":"follow","max-snippet":"max-snippet:-1","max-image-preview":"max-image-preview:large","max-video-preview":"max-video-preview:-1"},"canonical":"https:\/\/demo.uberfacil.com\/epico\/estilo7\/contato\/","og_locale":"pt_BR","og_type":"article","og_title":"Contato - Estilo 7","og_description":"1 minuto Esta \u00e9 uma daquelas p\u00e1ginas obrigat\u00f3rias para criar mais um canal de comunica\u00e7\u00e3o efetivo com o seu visitante, mesmo em tempos de aplicativos de comunica\u00e7\u00e3o instant\u00e2nea! Apesar de ser uma p\u00e1gina comum em blogs, voc\u00ea pode \u2013 e deve \u2013 torn\u00e1-la mais interessante para quem visita. Por exemplo: al\u00e9m do pr\u00f3prio formul\u00e1rio, voc\u00ea pode incluir tamb\u00e9m outras informa\u00e7\u00f5es \u00fateis de contato, como o endere\u00e7o (se voc\u00ea tiver uma loja f\u00edsica) ou at\u00e9 mesmo um mapa interativo com o local desejado via shortcodes Continue lendo\u2192","og_url":"https:\/\/demo.uberfacil.com\/epico\/estilo7\/contato\/","og_site_name":"Estilo 7","twitter_card":"summary_large_image","twitter_misc":{"Est. tempo de leitura":"2 minutos"},"schema":{"@context":"https:\/\/schema.org","@graph":[{"@type":"WebPage","@id":"https:\/\/demo.uberfacil.com\/epico\/estilo7\/contato\/","url":"https:\/\/demo.uberfacil.com\/epico\/estilo7\/contato\/","name":"Contato - Estilo 7","isPartOf":{"@id":"https:\/\/demo.uberfacil.com\/epico\/estilo7\/#website"},"datePublished":"2019-04-22T17:51:01+00:00","breadcrumb":{"@id":"https:\/\/demo.uberfacil.com\/epico\/estilo7\/contato\/#breadcrumb"},"inLanguage":"pt-BR","potentialAction":[{"@type":"ReadAction","target":["https:\/\/demo.uberfacil.com\/epico\/estilo7\/contato\/"]}]},{"@type":"BreadcrumbList","@id":"https:\/\/demo.uberfacil.com\/epico\/estilo7\/contato\/#breadcrumb","itemListElement":[{"@type":"ListItem","position":1,"name":"In\u00edcio","item":"https:\/\/demo.uberfacil.com\/epico\/estilo7\/"},{"@type":"ListItem","position":2,"name":"Contato"}]},{"@type":"WebSite","@id":"https:\/\/demo.uberfacil.com\/epico\/estilo7\/#website","url":"https:\/\/demo.uberfacil.com\/epico\/estilo7\/","name":"Estilo 7","description":"S\u00f3 mais um site \u00c9pico - Demonstra\u00e7\u00e3o","potentialAction":[{"@type":"SearchAction","target":{"@type":"EntryPoint","urlTemplate":"https:\/\/demo.uberfacil.com\/epico\/estilo7\/?s={search_term_string}"},"query-input":{"@type":"PropertyValueSpecification","valueRequired":true,"valueName":"search_term_string"}}],"inLanguage":"pt-BR"}]}},"_links":{"self":[{"href":"https:\/\/demo.uberfacil.com\/epico\/estilo7\/wp-json\/wp\/v2\/pages\/1087","targetHints":{"allow":["GET"]}}],"collection":[{"href":"https:\/\/demo.uberfacil.com\/epico\/estilo7\/wp-json\/wp\/v2\/pages"}],"about":[{"href":"https:\/\/demo.uberfacil.com\/epico\/estilo7\/wp-json\/wp\/v2\/types\/page"}],"author":[{"embeddable":true,"href":"https:\/\/demo.uberfacil.com\/epico\/estilo7\/wp-json\/wp\/v2\/users\/1"}],"replies":[{"embeddable":true,"href":"https:\/\/demo.uberfacil.com\/epico\/estilo7\/wp-json\/wp\/v2\/comments?post=1087"}],"version-history":[{"count":0,"href":"https:\/\/demo.uberfacil.com\/epico\/estilo7\/wp-json\/wp\/v2\/pages\/1087\/revisions"}],"wp:attachment":[{"href":"https:\/\/demo.uberfacil.com\/epico\/estilo7\/wp-json\/wp\/v2\/media?parent=1087"}],"curies":[{"name":"wp","href":"https:\/\/api.w.org\/{rel}","templated":true}]}}